{"id":118,"date":"2020-12-19T21:43:21","date_gmt":"2020-12-19T21:43:21","guid":{"rendered":"http:\/\/church.oceanwp.org\/?page_id=118"},"modified":"2023-09-16T14:33:34","modified_gmt":"2023-09-16T12:33:34","slug":"donation","status":"publish","type":"page","link":"https:\/\/kongsberg.katolsk.no\/index.php\/donation\/","title":{"rendered":"Donasjoner"},"content":{"rendered":"\t\t<div data-elementor-type=\"wp-page\" data-elementor-id=\"118\" class=\"elementor elementor-118\">\n\t\t\t\t\t\t<section class=\"elementor-section elementor-top-section elementor-element elementor-element-35419ea8 elementor-section-boxed elementor-section-height-default elementor-section-height-default\" data-id=\"35419ea8\" data-element_type=\"section\" data-e-type=\"section\">\n\t\t\t\t\t\t<div class=\"elementor-container elementor-column-gap-default\">\n\t\t\t\t\t<div class=\"elementor-column elementor-col-100 elementor-top-column elementor-element elementor-element-7e74e742\" data-id=\"7e74e742\" data-element_type=\"column\" data-e-type=\"column\">\n\t\t\t<div class=\"elementor-widget-wrap elementor-element-populated\">\n\t\t\t\t\t\t<div class=\"elementor-element elementor-element-2892eb80 elementor-widget-divider--view-line_text no-margin elementor-widget-divider--separator-type-pattern elementor-widget-divider--no-spacing elementor-widget-divider--element-align-center elementor-widget elementor-widget-divider\" data-id=\"2892eb80\" data-element_type=\"widget\" data-e-type=\"widget\" data-widget_type=\"divider.default\">\n\t\t\t\t<div class=\"elementor-widget-container\">\n\t\t\t\t\t\t\t<div class=\"elementor-divider\" style=\"--divider-pattern-url: url(&quot;data:image\/svg+xml,%3Csvg xmlns=&#039;http:\/\/www.w3.org\/2000\/svg&#039; preserveAspectRatio=&#039;xMidYMid meet&#039; overflow=&#039;visible&#039; height=&#039;100%&#039; viewBox=&#039;0 0 126 26&#039; fill=&#039;black&#039; stroke=&#039;none&#039;%3E%3Cpath d=&#039;M3,10.2c2.6,0,2.6,2,2.6,3.2S4.4,16.5,3,16.5s-3-1.4-3-3.2S0.4,10.2,3,10.2z M18.8,10.2c1.7,0,3.2,1.4,3.2,3.2s-1.4,3.2-3.2,3.2c-1.7,0-3.2-1.4-3.2-3.2S17,10.2,18.8,10.2z M34.6,10.2c1.5,0,2.6,1.4,2.6,3.2s-0.5,3.2-1.9,3.2c-1.5,0-3.4-1.4-3.4-3.2S33.1,10.2,34.6,10.2z M50.5,10.2c1.7,0,3.2,1.4,3.2,3.2s-1.4,3.2-3.2,3.2c-1.7,0-3.3-0.9-3.3-2.6S48.7,10.2,50.5,10.2z M66.2,10.2c1.5,0,3.4,1.4,3.4,3.2s-1.9,3.2-3.4,3.2c-1.5,0-2.6-0.4-2.6-2.1S64.8,10.2,66.2,10.2z M82.2,10.2c1.7,0.8,2.6,1.4,2.6,3.2s-0.1,3.2-1.6,3.2c-1.5,0-3.7-1.4-3.7-3.2S80.5,9.4,82.2,10.2zM98.6,10.2c1.5,0,2.6,0.4,2.6,2.1s-1.2,4.2-2.6,4.2c-1.5,0-3.7-0.4-3.7-2.1S97.1,10.2,98.6,10.2z M113.4,10.2c1.2,0,2.2,0.9,2.2,3.2s-0.1,3.2-1.3,3.2s-3.1-1.4-3.1-3.2S112.2,10.2,113.4,10.2z&#039;\/%3E%3C\/svg%3E&quot;);\">\n\t\t\t<span class=\"elementor-divider-separator\">\n\t\t\t\t\t\t\t<span class=\"elementor-divider__text elementor-divider__element\">\n\t\t\t\tVi trenger din hjelp\t\t\t\t<\/span>\n\t\t\t\t\t\t<\/span>\n\t\t<\/div>\n\t\t\t\t\t\t<\/div>\n\t\t\t\t<\/div>\n\t\t\t\t<div class=\"elementor-element elementor-element-f3820db elementor-widget elementor-widget-heading\" data-id=\"f3820db\" data-element_type=\"widget\" data-e-type=\"widget\" data-widget_type=\"heading.default\">\n\t\t\t\t<div class=\"elementor-widget-container\">\n\t\t\t\t\t<h2 class=\"elementor-heading-title elementor-size-default\">gi en donasjon<\/h2>\t\t\t\t<\/div>\n\t\t\t\t<\/div>\n\t\t\t\t\t<\/div>\n\t\t<\/div>\n\t\t\t\t\t<\/div>\n\t\t<\/section>\n\t\t\t\t<section class=\"elementor-section elementor-top-section elementor-element elementor-element-0be4a48 elementor-section-boxed elementor-section-height-default elementor-section-height-default\" data-id=\"0be4a48\" data-element_type=\"section\" data-e-type=\"section\">\n\t\t\t\t\t\t<div class=\"elementor-container elementor-column-gap-default\">\n\t\t\t\t\t<div class=\"elementor-column elementor-col-100 elementor-top-column elementor-element elementor-element-967653c\" data-id=\"967653c\" data-element_type=\"column\" data-e-type=\"column\">\n\t\t\t<div class=\"elementor-widget-wrap elementor-element-populated\">\n\t\t\t\t\t\t<div class=\"elementor-element elementor-element-160b228 elementor-widget elementor-widget-text-editor\" data-id=\"160b228\" data-element_type=\"widget\" data-e-type=\"widget\" data-widget_type=\"text-editor.default\">\n\t\t\t\t<div class=\"elementor-widget-container\">\n\t\t\t\t\t\t\t\t\t<h2><strong>Donasjon og bidrag til menigheten, tas mot med takk.<\/strong><\/h2><h2><strong>Kan gis som kollekt og offergave under messen, eller p\u00e5<\/strong><\/h2><h1><span style=\"color: #ff6600;\"><strong>Vipps 703819<\/strong><\/span><\/h1><h2><strong>Vipps er gir ogs\u00e5 mulighet til skattefradrag p\u00e5 samlet bel\u00f8p p\u00e5 over 500kr i l\u00f8pet av et \u00e5r. Se eksempel, og fremgangsm\u00e5te i bilde(r) nedenfor.<\/strong><\/h2>\t\t\t\t\t\t\t\t<\/div>\n\t\t\t\t<\/div>\n\t\t\t\t<div class=\"elementor-element elementor-element-c52ad85 elementor-widget elementor-widget-text-editor\" data-id=\"c52ad85\" data-element_type=\"widget\" data-e-type=\"widget\" data-widget_type=\"text-editor.default\">\n\t\t\t\t<div class=\"elementor-widget-container\">\n\t\t\t\t\t\t\t\t\t<p><img decoding=\"async\" class=\"size-full wp-image-938 aligncenter\" src=\"https:\/\/kongsberg.katolsk.no\/wp-content\/uploads\/2021\/10\/vipps-qr-1.width-200.png\" alt=\"\" width=\"200\" height=\"200\" srcset=\"https:\/\/kongsberg.katolsk.no\/wp-content\/uploads\/2021\/10\/vipps-qr-1.width-200.png 200w, https:\/\/kongsberg.katolsk.no\/wp-content\/uploads\/2021\/10\/vipps-qr-1.width-200-150x150.png 150w\" sizes=\"(max-width: 200px) 100vw, 200px\" \/><strong><span style=\"color: #ff6600;\">\u00a0Vipps 703819<\/span><\/strong><\/p>\t\t\t\t\t\t\t\t<\/div>\n\t\t\t\t<\/div>\n\t\t\t\t\t<\/div>\n\t\t<\/div>\n\t\t\t\t\t<\/div>\n\t\t<\/section>\n\t\t\t\t<section class=\"elementor-section elementor-top-section elementor-element elementor-element-fbae333 elementor-section-boxed elementor-section-height-default elementor-section-height-default\" data-id=\"fbae333\" data-element_type=\"section\" data-e-type=\"section\">\n\t\t\t\t\t\t<div class=\"elementor-container elementor-column-gap-default\">\n\t\t\t\t\t<div class=\"elementor-column elementor-col-33 elementor-top-column elementor-element elementor-element-01f7021\" data-id=\"01f7021\" data-element_type=\"column\" data-e-type=\"column\">\n\t\t\t<div class=\"elementor-widget-wrap elementor-element-populated\">\n\t\t\t\t\t\t<div class=\"elementor-element elementor-element-bbdb100 elementor-widget elementor-widget-image\" data-id=\"bbdb100\" data-element_type=\"widget\" data-e-type=\"widget\" data-widget_type=\"image.default\">\n\t\t\t\t<div class=\"elementor-widget-container\">\n\t\t\t\t\t\t\t\t\t\t\t\t\t\t\t\t<a href=\"https:\/\/kongsberg.katolsk.no\/wp-content\/uploads\/2023\/09\/s1-2.jpg\" data-elementor-open-lightbox=\"yes\" data-elementor-lightbox-title=\"s1\" data-e-action-hash=\"#elementor-action%3Aaction%3Dlightbox%26settings%3DeyJpZCI6NTM0OSwidXJsIjoiaHR0cHM6XC9cL2tvbmdzYmVyZy5rYXRvbHNrLm5vXC93cC1jb250ZW50XC91cGxvYWRzXC8yMDIzXC8wOVwvczEtMi5qcGcifQ%3D%3D\">\n\t\t\t\t\t\t\t<img fetchpriority=\"high\" decoding=\"async\" width=\"721\" height=\"1024\" src=\"https:\/\/kongsberg.katolsk.no\/wp-content\/uploads\/2023\/09\/s1-2-721x1024.jpg\" class=\"attachment-large size-large wp-image-5349\" alt=\"\" srcset=\"https:\/\/kongsberg.katolsk.no\/wp-content\/uploads\/2023\/09\/s1-2-721x1024.jpg 721w, https:\/\/kongsberg.katolsk.no\/wp-content\/uploads\/2023\/09\/s1-2-211x300.jpg 211w, https:\/\/kongsberg.katolsk.no\/wp-content\/uploads\/2023\/09\/s1-2-768x1091.jpg 768w, https:\/\/kongsberg.katolsk.no\/wp-content\/uploads\/2023\/09\/s1-2-1081x1536.jpg 1081w, https:\/\/kongsberg.katolsk.no\/wp-content\/uploads\/2023\/09\/s1-2.jpg 1242w\" sizes=\"(max-width: 721px) 100vw, 721px\" \/>\t\t\t\t\t\t\t\t<\/a>\n\t\t\t\t\t\t\t\t\t\t\t\t\t\t\t<\/div>\n\t\t\t\t<\/div>\n\t\t\t\t\t<\/div>\n\t\t<\/div>\n\t\t\t\t<div class=\"elementor-column elementor-col-33 elementor-top-column elementor-element elementor-element-006627f\" data-id=\"006627f\" data-element_type=\"column\" data-e-type=\"column\">\n\t\t\t<div class=\"elementor-widget-wrap elementor-element-populated\">\n\t\t\t\t\t\t<div class=\"elementor-element elementor-element-70d2f3d elementor-widget elementor-widget-image\" data-id=\"70d2f3d\" data-element_type=\"widget\" data-e-type=\"widget\" data-widget_type=\"image.default\">\n\t\t\t\t<div class=\"elementor-widget-container\">\n\t\t\t\t\t\t\t\t\t\t\t\t\t\t\t\t<a href=\"https:\/\/kongsberg.katolsk.no\/wp-content\/uploads\/2023\/09\/s2-2.jpg\" data-elementor-open-lightbox=\"yes\" data-elementor-lightbox-title=\"s2\" data-e-action-hash=\"#elementor-action%3Aaction%3Dlightbox%26settings%3DeyJpZCI6NTM0OCwidXJsIjoiaHR0cHM6XC9cL2tvbmdzYmVyZy5rYXRvbHNrLm5vXC93cC1jb250ZW50XC91cGxvYWRzXC8yMDIzXC8wOVwvczItMi5qcGcifQ%3D%3D\">\n\t\t\t\t\t\t\t<img decoding=\"async\" width=\"623\" height=\"1024\" src=\"https:\/\/kongsberg.katolsk.no\/wp-content\/uploads\/2023\/09\/s2-2-623x1024.jpg\" class=\"attachment-large size-large wp-image-5348\" alt=\"\" srcset=\"https:\/\/kongsberg.katolsk.no\/wp-content\/uploads\/2023\/09\/s2-2-623x1024.jpg 623w, https:\/\/kongsberg.katolsk.no\/wp-content\/uploads\/2023\/09\/s2-2-183x300.jpg 183w, https:\/\/kongsberg.katolsk.no\/wp-content\/uploads\/2023\/09\/s2-2-768x1261.jpg 768w, https:\/\/kongsberg.katolsk.no\/wp-content\/uploads\/2023\/09\/s2-2-935x1536.jpg 935w, https:\/\/kongsberg.katolsk.no\/wp-content\/uploads\/2023\/09\/s2-2.jpg 1242w\" sizes=\"(max-width: 623px) 100vw, 623px\" \/>\t\t\t\t\t\t\t\t<\/a>\n\t\t\t\t\t\t\t\t\t\t\t\t\t\t\t<\/div>\n\t\t\t\t<\/div>\n\t\t\t\t\t<\/div>\n\t\t<\/div>\n\t\t\t\t<div class=\"elementor-column elementor-col-33 elementor-top-column elementor-element elementor-element-9a67c53\" data-id=\"9a67c53\" data-element_type=\"column\" data-e-type=\"column\">\n\t\t\t<div class=\"elementor-widget-wrap elementor-element-populated\">\n\t\t\t\t\t\t<div class=\"elementor-element elementor-element-1a2fac0 elementor-widget elementor-widget-image\" data-id=\"1a2fac0\" data-element_type=\"widget\" data-e-type=\"widget\" data-widget_type=\"image.default\">\n\t\t\t\t<div class=\"elementor-widget-container\">\n\t\t\t\t\t\t\t\t\t\t\t\t\t\t\t\t<a href=\"https:\/\/kongsberg.katolsk.no\/wp-content\/uploads\/2023\/09\/s3.jpg\" data-elementor-open-lightbox=\"yes\" data-elementor-lightbox-title=\"s3\" data-e-action-hash=\"#elementor-action%3Aaction%3Dlightbox%26settings%3DeyJpZCI6NTM0NywidXJsIjoiaHR0cHM6XC9cL2tvbmdzYmVyZy5rYXRvbHNrLm5vXC93cC1jb250ZW50XC91cGxvYWRzXC8yMDIzXC8wOVwvczMuanBnIn0%3D\">\n\t\t\t\t\t\t\t<img loading=\"lazy\" decoding=\"async\" width=\"609\" height=\"1024\" src=\"https:\/\/kongsberg.katolsk.no\/wp-content\/uploads\/2023\/09\/s3-609x1024.jpg\" class=\"attachment-large size-large wp-image-5347\" alt=\"\" srcset=\"https:\/\/kongsberg.katolsk.no\/wp-content\/uploads\/2023\/09\/s3-609x1024.jpg 609w, https:\/\/kongsberg.katolsk.no\/wp-content\/uploads\/2023\/09\/s3-178x300.jpg 178w, https:\/\/kongsberg.katolsk.no\/wp-content\/uploads\/2023\/09\/s3-768x1291.jpg 768w, https:\/\/kongsberg.katolsk.no\/wp-content\/uploads\/2023\/09\/s3-914x1536.jpg 914w, https:\/\/kongsberg.katolsk.no\/wp-content\/uploads\/2023\/09\/s3-1218x2048.jpg 1218w, https:\/\/kongsberg.katolsk.no\/wp-content\/uploads\/2023\/09\/s3.jpg 1242w\" sizes=\"(max-width: 609px) 100vw, 609px\" \/>\t\t\t\t\t\t\t\t<\/a>\n\t\t\t\t\t\t\t\t\t\t\t\t\t\t\t<\/div>\n\t\t\t\t<\/div>\n\t\t\t\t\t<\/div>\n\t\t<\/div>\n\t\t\t\t\t<\/div>\n\t\t<\/section>\n\t\t\t\t<section class=\"elementor-section elementor-top-section elementor-element elementor-element-bead3b0 elementor-section-boxed elementor-section-height-default elementor-section-height-default\" data-id=\"bead3b0\" data-element_type=\"section\" data-e-type=\"section\">\n\t\t\t\t\t\t<div class=\"elementor-container elementor-column-gap-default\">\n\t\t\t\t\t<div class=\"elementor-column elementor-col-100 elementor-top-column elementor-element elementor-element-a5148f8\" data-id=\"a5148f8\" data-element_type=\"column\" data-e-type=\"column\">\n\t\t\t<div class=\"elementor-widget-wrap elementor-element-populated\">\n\t\t\t\t\t\t<div class=\"elementor-element elementor-element-83dd713 elementor-widget-divider--view-line elementor-widget elementor-widget-divider\" data-id=\"83dd713\" data-element_type=\"widget\" data-e-type=\"widget\" data-widget_type=\"divider.default\">\n\t\t\t\t<div class=\"elementor-widget-container\">\n\t\t\t\t\t\t\t<div class=\"elementor-divider\">\n\t\t\t<span class=\"elementor-divider-separator\">\n\t\t\t\t\t\t<\/span>\n\t\t<\/div>\n\t\t\t\t\t\t<\/div>\n\t\t\t\t<\/div>\n\t\t\t\t\t<\/div>\n\t\t<\/div>\n\t\t\t\t\t<\/div>\n\t\t<\/section>\n\t\t\t\t<section class=\"elementor-section elementor-top-section elementor-element elementor-element-e9149d3 elementor-section-boxed elementor-section-height-default elementor-section-height-default\" data-id=\"e9149d3\" data-element_type=\"section\" data-e-type=\"section\">\n\t\t\t\t\t\t<div class=\"elementor-container elementor-column-gap-default\">\n\t\t\t\t\t<div class=\"elementor-column elementor-col-100 elementor-top-column elementor-element elementor-element-6d7fc45\" data-id=\"6d7fc45\" data-element_type=\"column\" data-e-type=\"column\">\n\t\t\t<div class=\"elementor-widget-wrap elementor-element-populated\">\n\t\t\t\t\t\t<div class=\"elementor-element elementor-element-d0b609b elementor-widget elementor-widget-text-editor\" data-id=\"d0b609b\" data-element_type=\"widget\" data-e-type=\"widget\" data-widget_type=\"text-editor.default\">\n\t\t\t\t<div class=\"elementor-widget-container\">\n\t\t\t\t\t\t\t\t\t<h2 style=\"text-align: center;\"><strong>Menighetens kontonummer:<\/strong><\/h2><h1 style=\"text-align: center;\"><strong><span style=\"color: #ff6600;\"> 3000 52 26089<\/span><\/strong><\/h1><h3 style=\"text-align: center;\">\u00a0<\/h3><h3 style=\"text-align: center;\"><strong><img loading=\"lazy\" decoding=\"async\" class=\"size-medium wp-image-1157 aligncenter\" src=\"https:\/\/kongsberg.katolsk.no\/wp-content\/uploads\/2021\/10\/Autogiro-300x101.png\" alt=\"\" width=\"300\" height=\"101\" srcset=\"https:\/\/kongsberg.katolsk.no\/wp-content\/uploads\/2021\/10\/Autogiro-300x101.png 300w, https:\/\/kongsberg.katolsk.no\/wp-content\/uploads\/2021\/10\/Autogiro.png 420w\" sizes=\"(max-width: 300px) 100vw, 300px\" \/>\u00a0<\/strong><span style=\"color: #000000;\"><strong>Der menighetens medlemmer oppmuntres til \u00e5 bli <span style=\"text-decoration: underline;\">fast giver<\/span>, med f.eks Avtalegiro\/fast trekk.<\/strong><\/span><\/h3><h3 style=\"text-align: center;\"><a href=\"https:\/\/pvu.nets.no\/pvu-suggestions\/avtalegiro\">Opprett Avtalegiro, <span style=\"text-decoration: underline;\">HER<\/span> (blir sendt videre til Avtalegiro.no)<\/a><\/h3><h3 style=\"text-align: center;\">Eller direkte, i din <span style=\"text-decoration: underline;\">egen<\/span> Nettbank<\/h3>\t\t\t\t\t\t\t\t<\/div>\n\t\t\t\t<\/div>\n\t\t\t\t\t<\/div>\n\t\t<\/div>\n\t\t\t\t\t<\/div>\n\t\t<\/section>\n\t\t\t\t<section class=\"elementor-section elementor-top-section elementor-element elementor-element-1282782 elementor-section-full_width elementor-section-height-default elementor-section-height-default\" data-id=\"1282782\" data-element_type=\"section\" data-e-type=\"section\">\n\t\t\t\t\t\t<div class=\"elementor-container elementor-column-gap-default\">\n\t\t\t\t\t<div class=\"elementor-column elementor-col-33 elementor-top-column elementor-element elementor-element-20ebbc6\" data-id=\"20ebbc6\" data-element_type=\"column\" data-e-type=\"column\">\n\t\t\t<div class=\"elementor-widget-wrap elementor-element-populated\">\n\t\t\t\t\t\t<div class=\"elementor-element elementor-element-47cb5011 elementor-widget elementor-widget-oew-banner\" data-id=\"47cb5011\" data-element_type=\"widget\" data-e-type=\"widget\" data-widget_type=\"oew-banner.default\">\n\t\t\t\t<div class=\"elementor-widget-container\">\n\t\t\t\t\t\n\t\t<figure class=\"oew-banner oew-sadie\">\n\t\t\t\t\t\t\t<img loading=\"lazy\" decoding=\"async\" width=\"150\" height=\"150\" src=\"https:\/\/kongsberg.katolsk.no\/wp-content\/uploads\/2021\/09\/josh-applegate-AkKRBN1KHL4-unsplash-scaled-e1630764571556-150x150.jpg\" class=\"attachment-thumbnail size-thumbnail wp-image-446\" alt=\"\" \/>\t\t\t\t<figcaption>\n\t\t\t\t\t<div class=\"oew-banner-content\">\n\t\t\t\t\t\t<h5 class=\"oew-banner-title\">GUD<\/h5>\n\t\t\t\t\t\t<div class=\"oew-banner-text\">\"Herrens navn er hellig.\" Derfor skal ikke mennesket misbruke det. Det skal komme det i hu i en taushet fylt av tilbedelse og kj\u00e6rlighet.<br> kkk 2143<\/div>\n\t\t\t\t\t<\/div>\n\t\t\t\t<\/figcaption>\n\t\t\t\t\t<\/figure>\n\n\t\t\t\t\t\t<\/div>\n\t\t\t\t<\/div>\n\t\t\t\t\t<\/div>\n\t\t<\/div>\n\t\t\t\t<div class=\"elementor-column elementor-col-33 elementor-top-column elementor-element elementor-element-4c1f7615\" data-id=\"4c1f7615\" data-element_type=\"column\" data-e-type=\"column\">\n\t\t\t<div class=\"elementor-widget-wrap elementor-element-populated\">\n\t\t\t\t\t\t<div class=\"elementor-element elementor-element-6f2d1919 elementor-widget elementor-widget-oew-banner\" data-id=\"6f2d1919\" data-element_type=\"widget\" data-e-type=\"widget\" data-widget_type=\"oew-banner.default\">\n\t\t\t\t<div class=\"elementor-widget-container\">\n\t\t\t\t\t\n\t\t<figure class=\"oew-banner oew-sadie\">\n\t\t\t\t\t\t\t<img loading=\"lazy\" decoding=\"async\" width=\"150\" height=\"150\" src=\"https:\/\/kongsberg.katolsk.no\/wp-content\/uploads\/2021\/09\/chad-greiter-0gBnnMdQPw-unsplash-150x150.jpg\" class=\"attachment-thumbnail size-thumbnail wp-image-699\" alt=\"\" \/>\t\t\t\t<figcaption>\n\t\t\t\t\t<div class=\"oew-banner-content\">\n\t\t\t\t\t\t<h5 class=\"oew-banner-title\">Er<\/h5>\n\t\t\t\t\t\t<div class=\"oew-banner-text\">Gud svarte Moses: \u00abJeg er den jeg er.\u00bb Og han sa: \u00abSlik skal du svare israelittene: Jeg er har sendt meg til dere.\u00bb<br> 2 Mosebok 3:14<\/div>\n\t\t\t\t\t<\/div>\n\t\t\t\t<\/figcaption>\n\t\t\t\t\t<\/figure>\n\n\t\t\t\t\t\t<\/div>\n\t\t\t\t<\/div>\n\t\t\t\t\t<\/div>\n\t\t<\/div>\n\t\t\t\t<div class=\"elementor-column elementor-col-33 elementor-top-column elementor-element elementor-element-4e9ed960\" data-id=\"4e9ed960\" data-element_type=\"column\" data-e-type=\"column\">\n\t\t\t<div class=\"elementor-widget-wrap elementor-element-populated\">\n\t\t\t\t\t\t<div class=\"elementor-element elementor-element-4689a387 elementor-widget elementor-widget-oew-banner\" data-id=\"4689a387\" data-element_type=\"widget\" data-e-type=\"widget\" data-widget_type=\"oew-banner.default\">\n\t\t\t\t<div class=\"elementor-widget-container\">\n\t\t\t\t\t\n\t\t<figure class=\"oew-banner oew-sadie\">\n\t\t\t\t\t\t\t<img loading=\"lazy\" decoding=\"async\" width=\"150\" height=\"150\" src=\"https:\/\/kongsberg.katolsk.no\/wp-content\/uploads\/2021\/09\/josh-applegate-lr-POeq4YiU-unsplash-1-e1630698700738-150x150.jpg\" class=\"attachment-thumbnail size-thumbnail wp-image-318\" alt=\"\" \/>\t\t\t\t<figcaption>\n\t\t\t\t\t<div class=\"oew-banner-content\">\n\t\t\t\t\t\t<h5 class=\"oew-banner-title\">Kj\u00e6rlighet<\/h5>\n\t\t\t\t\t\t<div class=\"oew-banner-text\">Kj\u00e6rligheten, \u00c5ndens frukt og lovens fylde, holder Guds og Hans salvedes bud: \"Bli i min kj\u00e6rlighet! Dersom dere holder mine bud, da blir dere i min kj\u00e6rlighet\" (Joh 15, 9-10)  <br>kkk 1824<\/div>\n\t\t\t\t\t<\/div>\n\t\t\t\t<\/figcaption>\n\t\t\t\t\t<\/figure>\n\n\t\t\t\t\t\t<\/div>\n\t\t\t\t<\/div>\n\t\t\t\t\t<\/div>\n\t\t<\/div>\n\t\t\t\t\t<\/div>\n\t\t<\/section>\n\t\t\t\t<section class=\"elementor-section elementor-top-section elementor-element elementor-element-d30ba00 elementor-section-content-middle elementor-section-boxed elementor-section-height-default elementor-section-height-default\" data-id=\"d30ba00\" data-element_type=\"section\" data-e-type=\"section\" data-settings=\"{&quot;background_background&quot;:&quot;classic&quot;}\">\n\t\t\t\t\t\t\t<div class=\"elementor-background-overlay\"><\/div>\n\t\t\t\t\t\t\t<div class=\"elementor-container elementor-column-gap-default\">\n\t\t\t\t\t<div class=\"elementor-column elementor-col-50 elementor-top-column elementor-element elementor-element-5256205e\" data-id=\"5256205e\" data-element_type=\"column\" data-e-type=\"column\">\n\t\t\t<div class=\"elementor-widget-wrap elementor-element-populated\">\n\t\t\t\t\t\t<div class=\"elementor-element elementor-element-2d24ca9d elementor-widget elementor-widget-image\" data-id=\"2d24ca9d\" data-element_type=\"widget\" data-e-type=\"widget\" data-widget_type=\"image.default\">\n\t\t\t\t<div class=\"elementor-widget-container\">\n\t\t\t\t\t\t\t\t\t\t\t\t\t\t\t<img loading=\"lazy\" decoding=\"async\" width=\"512\" height=\"512\" src=\"https:\/\/kongsberg.katolsk.no\/wp-content\/uploads\/2020\/12\/jesus.svg\" class=\"attachment-large size-large wp-image-64\" alt=\"\" \/>\t\t\t\t\t\t\t\t\t\t\t\t\t\t\t<\/div>\n\t\t\t\t<\/div>\n\t\t\t\t\t<\/div>\n\t\t<\/div>\n\t\t\t\t<div class=\"elementor-column elementor-col-50 elementor-top-column elementor-element elementor-element-32cf34bd\" data-id=\"32cf34bd\" data-element_type=\"column\" data-e-type=\"column\">\n\t\t\t<div class=\"elementor-widget-wrap elementor-element-populated\">\n\t\t\t\t\t\t<div class=\"elementor-element elementor-element-39961de8 elementor-widget elementor-widget-heading\" data-id=\"39961de8\" data-element_type=\"widget\" data-e-type=\"widget\" data-widget_type=\"heading.default\">\n\t\t\t\t<div class=\"elementor-widget-container\">\n\t\t\t\t\t<p class=\"elementor-heading-title elementor-size-default\">Jesus s\u00e5 p\u00e5 dem og sa: <span style=\"color: #FFC900\"> \u00abFor mennesker er dette umulig, men ikke for Gud; alt er mulig for Gud\u201d<\/span><\/p>\t\t\t\t<\/div>\n\t\t\t\t<\/div>\n\t\t\t\t<div class=\"elementor-element elementor-element-1f8e5e33 elementor-widget elementor-widget-heading\" data-id=\"1f8e5e33\" data-element_type=\"widget\" data-e-type=\"widget\" data-widget_type=\"heading.default\">\n\t\t\t\t<div class=\"elementor-widget-container\">\n\t\t\t\t\t<p class=\"elementor-heading-title elementor-size-default\">BibELEN: <span style=\"color: #999\">Mark 10:27<\/span><\/p>\t\t\t\t<\/div>\n\t\t\t\t<\/div>\n\t\t\t\t\t<\/div>\n\t\t<\/div>\n\t\t\t\t\t<\/div>\n\t\t<\/section>\n\t\t\t\t<\/div>\n\t\t","protected":false},"excerpt":{"rendered":"<p>Vi trenger din hjelp gi en donasjon Donasjon og bidrag til menigheten, tas mot med takk. Kan gis som kollekt og offergave under messen, eller p\u00e5 Vipps 703819 Vipps er [&hellip;]<\/p>\n","protected":false},"author":1,"featured_media":0,"parent":0,"menu_order":0,"comment_status":"closed","ping_status":"closed","template":"","meta":{"give_campaign_id":0,"ocean_post_layout":"full-screen","ocean_both_sidebars_style":"","ocean_both_sidebars_content_width":0,"ocean_both_sidebars_sidebars_width":0,"ocean_sidebar":"0","ocean_second_sidebar":"0","ocean_disable_margins":"on","ocean_add_body_class":"","ocean_shortcode_before_top_bar":"","ocean_shortcode_after_top_bar":"","ocean_shortcode_before_header":"","ocean_shortcode_after_header":"","ocean_has_shortcode":"","ocean_shortcode_after_title":"","ocean_shortcode_before_footer_widgets":"","ocean_shortcode_after_footer_widgets":"","ocean_shortcode_before_footer_bottom":"","ocean_shortcode_after_footer_bottom":"","ocean_display_top_bar":"default","ocean_display_header":"default","ocean_header_style":"","ocean_center_header_left_menu":"0","ocean_custom_header_template":"0","ocean_custom_logo":0,"ocean_custom_retina_logo":0,"ocean_custom_logo_max_width":0,"ocean_custom_logo_tablet_max_width":0,"ocean_custom_logo_mobile_max_width":0,"ocean_custom_logo_max_height":0,"ocean_custom_logo_tablet_max_height":0,"ocean_custom_logo_mobile_max_height":0,"ocean_header_custom_menu":"0","ocean_menu_typo_font_family":"0","ocean_menu_typo_font_subset":"","ocean_menu_typo_font_size":0,"ocean_menu_typo_font_size_tablet":0,"ocean_menu_typo_font_size_mobile":0,"ocean_menu_typo_font_size_unit":"px","ocean_menu_typo_font_weight":"","ocean_menu_typo_font_weight_tablet":"","ocean_menu_typo_font_weight_mobile":"","ocean_menu_typo_transform":"","ocean_menu_typo_transform_tablet":"","ocean_menu_typo_transform_mobile":"","ocean_menu_typo_line_height":0,"ocean_menu_typo_line_height_tablet":0,"ocean_menu_typo_line_height_mobile":0,"ocean_menu_typo_line_height_unit":"","ocean_menu_typo_spacing":0,"ocean_menu_typo_spacing_tablet":0,"ocean_menu_typo_spacing_mobile":0,"ocean_menu_typo_spacing_unit":"","ocean_menu_link_color":"","ocean_menu_link_color_hover":"","ocean_menu_link_color_active":"","ocean_menu_link_background":"","ocean_menu_link_hover_background":"","ocean_menu_link_active_background":"","ocean_menu_social_links_bg":"","ocean_menu_social_hover_links_bg":"","ocean_menu_social_links_color":"","ocean_menu_social_hover_links_color":"","ocean_disable_title":"default","ocean_disable_heading":"default","ocean_post_title":"","ocean_post_subheading":"","ocean_post_title_style":"","ocean_post_title_background_color":"","ocean_post_title_background":0,"ocean_post_title_bg_image_position":"","ocean_post_title_bg_image_attachment":"","ocean_post_title_bg_image_repeat":"","ocean_post_title_bg_image_size":"","ocean_post_title_height":0,"ocean_post_title_bg_overlay":0.5,"ocean_post_title_bg_overlay_color":"","ocean_disable_breadcrumbs":"default","ocean_breadcrumbs_color":"","ocean_breadcrumbs_separator_color":"","ocean_breadcrumbs_links_color":"","ocean_breadcrumbs_links_hover_color":"","ocean_display_footer_widgets":"default","ocean_display_footer_bottom":"default","ocean_custom_footer_template":"0","ofc_enable_fullscreen":"disable","ofc_fullscreen_speed":0,"ofc_fullscreen_nav":"enable","ofc_fullscreen_nav_pos":"right","ofc_fullscreen_nav_color":"","ofc_fullscreen_nav_tooltip_color":"","ofc_fullscreen_responsive":0,"osh_disable_topbar_sticky":"default","osh_disable_header_sticky":"default","osh_sticky_header_style":"default","osh_sticky_header_effect":"","osh_custom_sticky_logo":0,"osh_custom_retina_sticky_logo":0,"osh_custom_sticky_logo_height":0,"osh_background_color":"","osh_links_color":"","osh_links_hover_color":"","osh_links_active_color":"","osh_links_bg_color":"","osh_links_hover_bg_color":"","osh_links_active_bg_color":"","osh_menu_social_links_color":"","osh_menu_social_hover_links_color":"","footnotes":""},"class_list":["post-118","page","type-page","status-publish","hentry","entry"],"campaignId":"","_links":{"self":[{"href":"https:\/\/kongsberg.katolsk.no\/index.php\/wp-json\/wp\/v2\/pages\/118","targetHints":{"allow":["GET"]}}],"collection":[{"href":"https:\/\/kongsberg.katolsk.no\/index.php\/wp-json\/wp\/v2\/pages"}],"about":[{"href":"https:\/\/kongsberg.katolsk.no\/index.php\/wp-json\/wp\/v2\/types\/page"}],"author":[{"embeddable":true,"href":"https:\/\/kongsberg.katolsk.no\/index.php\/wp-json\/wp\/v2\/users\/1"}],"replies":[{"embeddable":true,"href":"https:\/\/kongsberg.katolsk.no\/index.php\/wp-json\/wp\/v2\/comments?post=118"}],"version-history":[{"count":0,"href":"https:\/\/kongsberg.katolsk.no\/index.php\/wp-json\/wp\/v2\/pages\/118\/revisions"}],"wp:attachment":[{"href":"https:\/\/kongsberg.katolsk.no\/index.php\/wp-json\/wp\/v2\/media?parent=118"}],"curies":[{"name":"wp","href":"https:\/\/api.w.org\/{rel}","templated":true}]}}